h(o) = l + 6 + 14*o - 2 - 16*o. What is h(7)?
-10
Let u(i) = -i**3 + i**2 - i + 30. Suppose -6*b = -4*b. Give u(b).
30
Let d(c) = 4*c + 4. Let a(j) = 7*j + 7. Let m(p) = 3*a(p) - 5*d(p). Suppose 4*s + 5*i = 13, -2*s + i + 5 = 2*i. Determine m(s).
3
Let t(u) = -1586*u + 1585*u + 5*u**3 - 5*u**3 + 2*u**2 + 5*u**3. Let x = 5 + -4. Give t(x).
6
Let j(m) be the first derivative of m**4/4 - 14*m**3/3 - 3*m**2/2 + 26*m - 472. What is j(14)?
-16
Let g(i) = i**2 + 11*i + 26. Suppose 0 = -l - 5, -22*k - 9 = -19*k - 3*l. Calculate g(k).
2
Let r(p) be the second derivative of -p**3 + 3*p**2/2 + 1296*p + 2. Let g(v) be the third derivative of -v**4/24 + 3*v**3/2 + v**2. Let o be g(7). Give r(o).
-9
Let n(x) = x**3 - x**2 - 6 - 9*x**2 + 2*x**2 + x. Let l be (11/(-4))/(-11) - (-93)/12. Calculate n(l).
2
Let p(w) = -12*w + 5. Let f(h) = 6*h - 2. Let x(s) = 7*f(s) + 3*p(s). Suppose -6 + 0 = 2*d - 4*u, 0 = 4*d - 3*u + 12. What is x(d)?
-17
Suppose 0 = 4*k - w - 9, -5 = -2*k + 4*w + 3. Let b(y) = 310 - 4*y**k - 311 - 3*y**3 + 3*y + 2*y**3. Give b(-4).
-13
Let i(h) = -2*h + 33. Let z(r) = -4*r + 72. Let o(y) = -13*i(y) + 6*z(y). Calculate o(-2).
-1
Let i(a) = -2*a - 2. Let u(t) = -4 - 6*t + 0 + 5*t + 3. Let q(f) = 3*i(f) - 5*u(f). Determine q(0).
-1
Let q(x) = -5*x**3 + 1. Let z(g) = 31*g**3 + 4*g**2 - 6*g - 4. Let t(s) = -6*q(s) - z(s). Calculate t(-5).
-7
Let d(u) = 2*u + u - 2*u + 7. Let z(o) = 5*o + 25 - 68 + 46 + 18. Let m be z(-5). What is d(m)?
3
Let a = 77 + -73. Suppose -h = -a*q - 0*h + 35, 0 = -4*q + 4*h + 32. Let p(z) = -z + 13. Calculate p(q).
4
Let s(a) be the first derivative of 1/2*a**2 + 0*a + 7. What is s(-6)?
-6
Let c(q) = q**3 + 7*q**2 - 2*q - 6. Suppose 5*i - 4 + 37 = -3*p, -3*p = 4*i + 27. What is c(i)?
42
Let v = 809 - 808. Let z(r) = 9*r**2 - 3*r. Calculate z(v).
6
Let g(t) = t**3 + 4*t**2 + 2*t + 5. Let z(j) = j**3 - j**2 + 2*j + 3. Let x be z(-2). Let p = x + 9. Let s be g(p). Let u(f) = f**2 + 5*f + 3. What is u(s)?
-3
Let c(m) = -4*m**2 - 17*m - 16. Let v(b) = -15*b**2 - 49*b - 49. Let o(h) = -7*c(h) + 2*v(h). Determine o(11).
3
Let m = -13 + 60. Let r = m + -44. Let a(z) = -z**3 + 3*z**2 + z + 4. Give a(r).
7
Let a(l) = 3*l - 28. Let r(j) = -2*j + 29. Let g(c) = -3*a(c) - 2*r(c). Calculate g(5).
1
Let h(g) = 32481 - 2*g**2 - 32485 + 17*g - 3*g. Give h(7).
-4
Let m(t) be the first derivative of -t**5/60 - t**4/8 + t**3/3 + 15*t**2/2 - 16. Let q(g) be the second derivative of m(g). What is q(-4)?
-2
Let n be 16/(1 + -3)*14/(-28). Let z(g) = 7*g + 3*g + 10*g + 2 - g**2 - 19*g. Determine z(n).
-10
Let n(r) = -r**3 + r**2 + 9*r - 8. Let l be n(5). Let f = -61 - l. Let d(i) = i**3 - i**2. Calculate d(f).
4
Suppose -16 = -85*y + 77*y. Let c(n) be the third derivative of -1/24*n**4 + n**3 - 7*n**y + 0 + 0*n. Calculate c(6).
0
Let h(u) be the third derivative of -u**5/60 - u**4/24 + u**3/2 - u**2. Suppose 0*s + 28 = 7*s. Suppose -2*m + 3 = 3*x - 3, 4*m - 8 = -s*x. Determine h(m).
3
Let c(k) = k**3 + 4*k**2 - 7*k - 2. Let z(x) = 6*x - 35. Let h be z(5). What is c(h)?
8
Let s(k) = -k - 1. Let r = -19 + 40. Suppose -5*h + 3*f = -0*h - 23, -5*h - 2*f + 18 = 0. Suppose -12 = -h*j - z, 3*z = -5*j + 1 + r. Determine s(j).
-3
Let u(w) = -w**3 - 11*w**2 + 4*w + 8. Let q(a) = 7*a**2 - a + 1. Let r(d) = -2*q(d) - u(d). Determine r(4).
-2
Let a = -15 - -10. Let l = a + 10. Suppose -l*m = -0*m. Let t(d) = d**2 + 6. Determine t(m).
6
Suppose -71 = 15*k + 4. Let t(j) = -4*j**3 + 4*j + 5. Let m(n) = n**3 - n - 1. Let u(s) = k*m(s) - t(s). Calculate u(2).
-6
Let h be -1 + -1 + 3 + 2. Suppose 3*n + x + 6 = 0, 0 = n + 7*x - h*x + 13. Let g(v) = -2*v**3 - v**2. What is g(n)?
1
Let r(h) = -4*h + 3 + h - 2. Let a be (-1)/(-1) - (-9 + 9). Calculate r(a).
-2
Let z(v) = -10*v**2 + 10*v - 26. Let i(o) = -2*o**2 + 2*o - 5. Let w(q) = -11*i(q) + 2*z(q). Give w(-3).
27
Let w(j) = 2*j - 5. Let y be w(8). Let l(m) = -5*m**2 + 13*m**3 - 6*m - y*m**3 + 7 - m**3. What is l(6)?
7
Let p(s) be the first derivative of -s**3/6 + 7*s**2/2 - s + 14. Let b(m) be the first derivative of p(m). Let k be 4/(-10) - 69/15. Give b(k).
12
Suppose -33*t = -29*t - 4. Let z(k) = k**2 - 1. What is z(t)?
0
Let l(f) = -9*f**3 - 18*f**2 - 14*f - 1. Let y(u) = 2*u**3 + u**2 + 2. Let a(b) = l(b) + 5*y(b). What is a(14)?
9
Let x(q) = -q - 13. Let a = -2 + 0. Let w = a + -7. Give x(w).
-4
Let o = -5 + 17. Let h be (-27)/o - (-2)/8. Let y(u) = 2*u**2 + 4*u + 1. Let f(q) = -2*q**2 - 3*q - 1. Let l(d) = -3*f(d) - 2*y(d). Determine l(h).
7
Let d = -166319/120 + 1386. Let i(w) be the third derivative of -1/6*w**3 + 1/24*w**4 - d*w**6 + 0 + 0*w - 1/20*w**5 + 5*w**2. Determine i(-3).
-4
Let l(p) be the first derivative of -p**4/4 + 7*p**3/3 - 3*p**2 + 2*p - 144. Determine l(5).
22
Let d(y) = 5*y**2 + 10*y + 3. Let h(n) = 9*n**2 + 19*n + 5. Let r(p) = 11*d(p) - 6*h(p). Calculate r(3).
0
Let m be ((-8)/10)/((-13)/15 + 1). Let o be ((3 - -2) + 1)/(m/(-8)). Let y(u) = -u**3 + 8*u**2 + 2*u - 6. What is y(o)?
10
Let r(w) be the first derivative of 7/2*w**2 - 1/3*w**3 - 3*w - 19. Give r(5).
7
Let b(a) = 2*a + 1. Let k be ((-22)/8)/1*(-320)/(-16). Let d = 58 + k. Give b(d).
7
Let q(v) be the second derivative of v**5/20 + v**4/2 + 5*v**3/6 + 3*v**2 - v. Let a(c) = -39*c**2 + 4*c - 7. Let m be a(2). Let n = m + 150. Determine q(n).
6
Suppose 0 = -4*w - w + 3*h + 65, -2*w + 2*h = -30. Let o(l) = l**3 - 11*l**2 + 9*l + 5. What is o(w)?
-5
Suppose 6 - 12 = -l + 2*f, 37 = -3*l - 5*f. Let g(x) be the third derivative of x**5/60 + x**4/6 + x**3/6 - x**2. Calculate g(l).
1
Let s(h) be the third derivative of h**4/24 + h**2. Suppose 5*d + 5 = -5. Let q be -4*d/16*2. Give s(q).
1
Let j(x) = x + 4. Let m be j(6). Let f(c) = -c**3 + 10*c**2 + 2*c - 16. Calculate f(m).
4
Let c(q) be the second derivative of q**4/12 + 2*q**3/3 + 29*q. Let m be 0 + 6 + 4/2. Let u(y) = y**2 - 8*y - 3. Let h be u(m). What is c(h)?
-3
Let d(j) = 5*j - 16. Suppose 4*a = 331 - 299. Calculate d(a).
24
Let j(v) = 0*v + 4 - 4*v + 8*v - 7*v. Give j(2).
-2
Let w(p) = p**3 - 5*p**2 - 5*p - 3. Let d = 22 + -16. Suppose 4*o + 6 = -2*b, d*o - 5*o + 3 = 0. Let y be (-4)/(-12) + 17/b. Determine w(y).
3
Let t(d) = 1269*d + 1266*d - 2542*d + d**2 + 4. Determine t(5).
-6
Let z(a) = -3*a - 8. Let t(v) = v + 1. Let w(s) = -4*t(s) - z(s). Calculate w(-5).
9
Let x(t) = -10 - 5*t**2 - 8*t**2 + 7*t - 12*t**2 + t + 26*t**2. Calculate x(-9).
-1
Let f(g) = 21*g - 52*g + 26*g + 5. Calculate f(3).
-10
Let q(c) be the third derivative of -c**7/840 + c**6/72 - c**5/60 + 7*c**4/24 - 9*c**3/2 - 19*c**2. Let v(u) be the first derivative of q(u). Calculate v(5).
-3
Let p(l) = -2 + 9*l - 2 - 13*l + 0. Suppose 4*d + d = -15. Determine p(d).
8
Let i(p) = 2*p - 6. Let q(z) = 2*z + 3*z - 6*z. Let c(w) = -i(w) - 6*q(w). Give c(-4).
-10
Let c(q) = -8 - 1 + 0 - 6*q + 12 - 7. Give c(-6).
32
Let z(o) = 32 - o - 14 - 1 - 2*o + 2*o. Determine z(10).
7
Let b(o) = 2*o**2 - 8*o + 6. Suppose 0 = -2*a - a - g - 1, 0 = -3*a - 4*g + 14. Let l be (0 - -9 - 2) + a. Give b(l).
16
Suppose -c = -2*z + 13, -3*z + 4*z = 4*c + 10. Let k(d) = -60*d - 61*d + 117*d - 13. Let r(a) = -5*a - 14. Let p(g) = 6*k(g) - 5*r(g). Calculate p(z).
-2
Suppose o - 20 = 5*x + 3*o, o - 23 = 3*x. Let m(d) = -10*d. Calculate m(x).
60
Let f(q) = q**2 + 17*q + 5. Let u be f(-17). Let x(i) = -i**2 + 1. What is x(u)?
-24
Let m(i) = -i**2 - 13*i - 2. Let z be ((-8)/12)/(24/468). Calculate m(z).
-2
Let d = 22 + 4. Let y = -24 + d. Let r(n) = 8*n**3 - y*n**3 - n**3 - 2*n**3 + n**2. What is r(-1)?
-2
Let p(u) = 2*u**2 + 8*u + 7. Let x be p(-4). Suppose 7*w - x = 35. Let d(y) = 2 + 2*y - 1 + y**2 - 2*y - 6*y. What is d(w)?
1
Suppose -3*z + x - 64 = -492, -3*z + 416 = -4*x. Let y be (-34)/14 - (3 - z/42). Let a(m) = -m + 2. Calculate a(y).
4
Let a(z) = z**2 + 3*z + 2. Suppose 0 = -4*g - 96 + 456. Suppose 5*v + 32 = t, -4*t + 5*v - 4*v + g = 0. Let j be (-3)/(-6) - t/4. What is a(j)?
12
Let u(z) = -z**3 + 9*z**2 - 10*z + 10. Let q(c) = -c**2 + 2*c + 5. Let k be q(0). Suppose -l - 2*t + 2 = 0, k*l - l = t + 35. What is u(l)?
-6
Let u(t) = -t**3 - 5*t**2 + 14*t - 12. Let q(y) = -y**2 + y - 3. Let i(w) = 6*q(w) - u(w). Determine i(-3).
-18
Suppose 2*h + 34 = 38. Suppose 0 = h*k + 3*i - 50, -i + 3*i = -3*k + 65. Let m = k - 15. Let d(y) = -y